{"id":22,"date":"2024-04-16T15:00:05","date_gmt":"2024-04-16T13:00:05","guid":{"rendered":"https:\/\/svcstaging.energiforsk.se\/cigre\/?page_id=22"},"modified":"2025-01-07T13:42:25","modified_gmt":"2025-01-07T12:42:25","slug":"bli-medlem","status":"publish","type":"page","link":"https:\/\/svcstaging.energiforsk.se\/cigre\/bli-medlem\/","title":{"rendered":"Bli medlem"},"content":{"rendered":"<div class=\"block-acf-video-with-placeholder container\"><div class=\"row justify-content-md-center\"><div class=\"col-12 col-md-10\"><div class=\"c-blockVideo\">\n    <div class=\"video-area\">\n        \n        <div class=\"embed-container\">\n            <iframe loading=\"lazy\" title=\"CIGRE and the energy transition \u2013 short video\" width=\"640\" height=\"360\" src=\"https:\/\/www.youtube.com\/embed\/VfsXNnuXsNM?feature=oembed\" frameborder=\"0\" allow=\"accelerometer; autoplay; clipboard-write; encrypted-media; gyroscope; picture-in-picture; web-share\" referrerpolicy=\"strict-origin-when-cross-origin\" allowfullscreen><\/iframe>\n        <\/div>\n    <\/div>\n<\/div>\n<\/div><\/div><\/div>\n\n<div class=\"c-blockFacts\" style=\"background-color: #007F4B\">\n    <div class=\"c-blockFacts__facts\">\n        <h4>\u00c4ven du eller ditt f\u00f6retag kan bli medlem<\/h4>\n<p>\u2022 Individuellt medlemskap (kategori I) f\u00f6r ingenj\u00f6rer, forskare eller f\u00f6retagsledare. Avgift \u00e5r 2025: 3 300 kronor.<\/p>\n<p>\u2022 Individuellt medlemskap (kategori II) f\u00f6r unga (upp till 35 \u00e5r). Avgift \u00e5r 2025: 1 500kronor.<\/p>\n<p>\u2022 Kollektivt medlemskap (kategori I) f\u00f6r ett f\u00f6retag eller organisation. Avgift \u00e5r 2025: 10 000 kronor (h\u00f6gst sex personer kan erh\u00e5lla en reducerad konferensavgiften p\u00e5 cirka -20 procent.)<\/p>\n<p>\u2022 Kollektivt medlemskap (kategori II) f\u00f6r institution vid universitet eller h\u00f6gskola. Avgift \u00e5r 2025: 5 000 kronor. (H\u00f6gst tre personer kan erh\u00e5lla en reducerad konferensavgift p\u00e5 cirka -20 procent.)<\/p>\n<p>\u2022 Studentmedlemskap. Kostnadsfritt.<\/p>\n\n    <\/div>\n<\/div>\n\n\n\n<div class=\"block-core-heading\">\n<h3 class=\"wp-block-heading\">Vill du bli medlem eller f\u00e5 mer information om medlemskap?<\/h3>\n<\/div>\n\n<div class=\"block-core-paragraph\">\n<p><a href=\"mailto:susanne.stjernfeldt@energiforsk.se\">Kontakta nationalkommitt\u00e9ns sekreterare<\/a>, Susanne Stjernfeldt, och ange f\u00f6ljande:<\/p>\n<\/div>\n\n<div class=\"block-core-list\">\n<ul class=\"wp-block-list\">\n<li>Typ av medlemskap som \u00f6nskas <\/li>\n\n\n\n<li>F\u00f6rnamn<\/li>\n\n\n\n<li>Efternamn<\/li>\n\n\n\n<li>Arbetsgivare <\/li>\n\n\n\n<li>Titel <\/li>\n\n\n\n<li>Bes\u00f6ksadress <\/li>\n\n\n\n<li>Postadress <\/li>\n\n\n\n<li>Telefonnummer <\/li>\n\n\n\n<li>Mejladress <\/li>\n\n\n\n<li>F\u00f6delse\u00e5r <\/li>\n\n\n\n<li>Faktureringsadress samt eventuell referens<\/li>\n\n\n\n<li>Studenter beh\u00f6ver ocks\u00e5 meddela h\u00f6gskolenamn, kursnamn, tid f\u00f6r planerad examen och namn p\u00e5 handledare.<\/li>\n<\/ul>\n<\/div>\n\n<div class=\"c-contact-card\">\n            <div class=\"contact-info\">\n                            <h3>Kontakt<\/h3>\n                                        <h4>Susanne Stjernfeldt<\/h4>\n                                        <a href=\"tel:08-677 27 51\">08-677 27 51<\/a>\n                                        <a href=\"mailto:susanne.stjernfeldt@energiforsk.se\">Mejla<\/a>\n                    <\/div>\n                    <div class=\"contact-image-wrapper\">\n                <img decoding=\"async\" src=\"https:\/\/svcstaging.energiforsk.se\/app\/uploads\/sites\/2\/2025\/09\/Susanne-2024-liten-1-775x1024.jpg\"\n                    alt=\"\">\n            <\/div>\n            <\/div>\n\n\n<div class=\"block-core-paragraph\">\n<p><\/p>\n<\/div>","protected":false},"excerpt":{"rendered":"<p>Ett medlemskap ger dig m\u00f6jlighet att delta i arbetsgrupper och studiekommitt\u00e9er, ta del av de senaste nyheterna inom elkraft, f\u00e5 tillg\u00e5ng till Cigres rapportdatabas och erh\u00e5lla rabatterat deltagande p\u00e5 Cigres konferens. H\u00e4r kan du ocks\u00e5 bidra med din och ditt f\u00f6retags expertkunskap i ett internationellt forum.<\/p>\n","protected":false},"author":2,"featured_media":64,"parent":0,"menu_order":0,"comment_status":"closed","ping_status":"closed","template":"template-sidebar.blade.php","meta":{"_acf_changed":false,"footnotes":""},"class_list":["post-22","page","type-page","status-publish","has-post-thumbnail","hentry"],"acf":[],"yoast_head":"<!-- This site is optimized with the Yoast SEO plugin v26.9 - https:\/\/yoast.com\/product\/yoast-seo-wordpress\/ -->\n<title>Bli medlem - Cigre<\/title>\n<meta name=\"robots\" content=\"noindex, follow, max-snippet:-1, max-image-preview:large, max-video-preview:-1\" \/>\n<meta property=\"og:locale\" content=\"sv_SE\" \/>\n<meta property=\"og:type\" content=\"article\" \/>\n<meta property=\"og:title\" content=\"Bli medlem - Cigre\" \/>\n<meta property=\"og:description\" content=\"Ett medlemskap ger dig m\u00f6jlighet att delta i arbetsgrupper och studiekommitt\u00e9er, ta del av de senaste nyheterna inom elkraft, f\u00e5 tillg\u00e5ng till Cigres rapportdatabas och erh\u00e5lla rabatterat deltagande p\u00e5 Cigres konferens. H\u00e4r kan du ocks\u00e5 bidra med din och ditt f\u00f6retags expertkunskap i ett internationellt forum.\" \/>\n<meta property=\"og:url\" content=\"https:\/\/svcstaging.energiforsk.se\/cigre\/bli-medlem\/\" \/>\n<meta property=\"og:site_name\" content=\"Cigre\" \/>\n<meta property=\"article:modified_time\" content=\"2025-01-07T12:42:25+00:00\" \/>\n<meta property=\"og:image\" content=\"https:\/\/svcstaging.energiforsk.se\/app\/uploads\/sites\/2\/2024\/05\/Bitmap-8.jpg\" \/>\n\t<meta property=\"og:image:width\" content=\"1404\" \/>\n\t<meta property=\"og:image:height\" content=\"790\" \/>\n\t<meta property=\"og:image:type\" content=\"image\/jpeg\" \/>\n<meta name=\"twitter:card\" content=\"summary_large_image\" \/>\n<meta name=\"twitter:label1\" content=\"Ber\u00e4knad l\u00e4stid\" \/>\n\t<meta name=\"twitter:data1\" content=\"1 minut\" \/>\n<script type=\"application\/ld+json\" class=\"yoast-schema-graph\">{\"@context\":\"https:\/\/schema.org\",\"@graph\":[{\"@type\":\"WebPage\",\"@id\":\"https:\/\/svcstaging.energiforsk.se\/cigre\/bli-medlem\/\",\"url\":\"https:\/\/svcstaging.energiforsk.se\/cigre\/bli-medlem\/\",\"name\":\"Bli medlem - Cigre\",\"isPartOf\":{\"@id\":\"https:\/\/svcstaging.energiforsk.se\/cigre\/#website\"},\"primaryImageOfPage\":{\"@id\":\"https:\/\/svcstaging.energiforsk.se\/cigre\/bli-medlem\/#primaryimage\"},\"image\":{\"@id\":\"https:\/\/svcstaging.energiforsk.se\/cigre\/bli-medlem\/#primaryimage\"},\"thumbnailUrl\":\"https:\/\/svcstaging.energiforsk.se\/app\/uploads\/sites\/2\/2024\/05\/Bitmap-8.jpg\",\"datePublished\":\"2024-04-16T13:00:05+00:00\",\"dateModified\":\"2025-01-07T12:42:25+00:00\",\"breadcrumb\":{\"@id\":\"https:\/\/svcstaging.energiforsk.se\/cigre\/bli-medlem\/#breadcrumb\"},\"inLanguage\":\"sv-SE\",\"potentialAction\":[{\"@type\":\"ReadAction\",\"target\":[\"https:\/\/svcstaging.energiforsk.se\/cigre\/bli-medlem\/\"]}]},{\"@type\":\"ImageObject\",\"inLanguage\":\"sv-SE\",\"@id\":\"https:\/\/svcstaging.energiforsk.se\/cigre\/bli-medlem\/#primaryimage\",\"url\":\"https:\/\/svcstaging.energiforsk.se\/app\/uploads\/sites\/2\/2024\/05\/Bitmap-8.jpg\",\"contentUrl\":\"https:\/\/svcstaging.energiforsk.se\/app\/uploads\/sites\/2\/2024\/05\/Bitmap-8.jpg\",\"width\":1404,\"height\":790},{\"@type\":\"BreadcrumbList\",\"@id\":\"https:\/\/svcstaging.energiforsk.se\/cigre\/bli-medlem\/#breadcrumb\",\"itemListElement\":[{\"@type\":\"ListItem\",\"position\":1,\"name\":\"Hem\",\"item\":\"https:\/\/svcstaging.energiforsk.se\/cigre\/\"},{\"@type\":\"ListItem\",\"position\":2,\"name\":\"Bli medlem\"}]},{\"@type\":\"WebSite\",\"@id\":\"https:\/\/svcstaging.energiforsk.se\/cigre\/#website\",\"url\":\"https:\/\/svcstaging.energiforsk.se\/cigre\/\",\"name\":\"Cigre\",\"description\":\"\",\"potentialAction\":[{\"@type\":\"SearchAction\",\"target\":{\"@type\":\"EntryPoint\",\"urlTemplate\":\"https:\/\/svcstaging.energiforsk.se\/cigre\/?s={search_term_string}\"},\"query-input\":{\"@type\":\"PropertyValueSpecification\",\"valueRequired\":true,\"valueName\":\"search_term_string\"}}],\"inLanguage\":\"sv-SE\"}]}<\/script>\n<!-- \/ Yoast SEO plugin. -->","yoast_head_json":{"title":"Bli medlem - Cigre","robots":{"index":"noindex","follow":"follow","max-snippet":"max-snippet:-1","max-image-preview":"max-image-preview:large","max-video-preview":"max-video-preview:-1"},"og_locale":"sv_SE","og_type":"article","og_title":"Bli medlem - Cigre","og_description":"Ett medlemskap ger dig m\u00f6jlighet att delta i arbetsgrupper och studiekommitt\u00e9er, ta del av de senaste nyheterna inom elkraft, f\u00e5 tillg\u00e5ng till Cigres rapportdatabas och erh\u00e5lla rabatterat deltagande p\u00e5 Cigres konferens. H\u00e4r kan du ocks\u00e5 bidra med din och ditt f\u00f6retags expertkunskap i ett internationellt forum.","og_url":"https:\/\/svcstaging.energiforsk.se\/cigre\/bli-medlem\/","og_site_name":"Cigre","article_modified_time":"2025-01-07T12:42:25+00:00","og_image":[{"width":1404,"height":790,"url":"https:\/\/svcstaging.energiforsk.se\/app\/uploads\/sites\/2\/2024\/05\/Bitmap-8.jpg","type":"image\/jpeg"}],"twitter_card":"summary_large_image","twitter_misc":{"Ber\u00e4knad l\u00e4stid":"1 minut"},"schema":{"@context":"https:\/\/schema.org","@graph":[{"@type":"WebPage","@id":"https:\/\/svcstaging.energiforsk.se\/cigre\/bli-medlem\/","url":"https:\/\/svcstaging.energiforsk.se\/cigre\/bli-medlem\/","name":"Bli medlem - Cigre","isPartOf":{"@id":"https:\/\/svcstaging.energiforsk.se\/cigre\/#website"},"primaryImageOfPage":{"@id":"https:\/\/svcstaging.energiforsk.se\/cigre\/bli-medlem\/#primaryimage"},"image":{"@id":"https:\/\/svcstaging.energiforsk.se\/cigre\/bli-medlem\/#primaryimage"},"thumbnailUrl":"https:\/\/svcstaging.energiforsk.se\/app\/uploads\/sites\/2\/2024\/05\/Bitmap-8.jpg","datePublished":"2024-04-16T13:00:05+00:00","dateModified":"2025-01-07T12:42:25+00:00","breadcrumb":{"@id":"https:\/\/svcstaging.energiforsk.se\/cigre\/bli-medlem\/#breadcrumb"},"inLanguage":"sv-SE","potentialAction":[{"@type":"ReadAction","target":["https:\/\/svcstaging.energiforsk.se\/cigre\/bli-medlem\/"]}]},{"@type":"ImageObject","inLanguage":"sv-SE","@id":"https:\/\/svcstaging.energiforsk.se\/cigre\/bli-medlem\/#primaryimage","url":"https:\/\/svcstaging.energiforsk.se\/app\/uploads\/sites\/2\/2024\/05\/Bitmap-8.jpg","contentUrl":"https:\/\/svcstaging.energiforsk.se\/app\/uploads\/sites\/2\/2024\/05\/Bitmap-8.jpg","width":1404,"height":790},{"@type":"BreadcrumbList","@id":"https:\/\/svcstaging.energiforsk.se\/cigre\/bli-medlem\/#breadcrumb","itemListElement":[{"@type":"ListItem","position":1,"name":"Hem","item":"https:\/\/svcstaging.energiforsk.se\/cigre\/"},{"@type":"ListItem","position":2,"name":"Bli medlem"}]},{"@type":"WebSite","@id":"https:\/\/svcstaging.energiforsk.se\/cigre\/#website","url":"https:\/\/svcstaging.energiforsk.se\/cigre\/","name":"Cigre","description":"","potentialAction":[{"@type":"SearchAction","target":{"@type":"EntryPoint","urlTemplate":"https:\/\/svcstaging.energiforsk.se\/cigre\/?s={search_term_string}"},"query-input":{"@type":"PropertyValueSpecification","valueRequired":true,"valueName":"search_term_string"}}],"inLanguage":"sv-SE"}]}},"_links":{"self":[{"href":"https:\/\/svcstaging.energiforsk.se\/cigre\/wp-json\/wp\/v2\/pages\/22","targetHints":{"allow":["GET"]}}],"collection":[{"href":"https:\/\/svcstaging.energiforsk.se\/cigre\/wp-json\/wp\/v2\/pages"}],"about":[{"href":"https:\/\/svcstaging.energiforsk.se\/cigre\/wp-json\/wp\/v2\/types\/page"}],"author":[{"embeddable":true,"href":"https:\/\/svcstaging.energiforsk.se\/cigre\/wp-json\/wp\/v2\/users\/2"}],"replies":[{"embeddable":true,"href":"https:\/\/svcstaging.energiforsk.se\/cigre\/wp-json\/wp\/v2\/comments?post=22"}],"version-history":[{"count":40,"href":"https:\/\/svcstaging.energiforsk.se\/cigre\/wp-json\/wp\/v2\/pages\/22\/revisions"}],"predecessor-version":[{"id":440,"href":"https:\/\/svcstaging.energiforsk.se\/cigre\/wp-json\/wp\/v2\/pages\/22\/revisions\/440"}],"wp:featuredmedia":[{"embeddable":true,"href":"https:\/\/svcstaging.energiforsk.se\/cigre\/wp-json\/wp\/v2\/media\/64"}],"wp:attachment":[{"href":"https:\/\/svcstaging.energiforsk.se\/cigre\/wp-json\/wp\/v2\/media?parent=22"}],"curies":[{"name":"wp","href":"https:\/\/api.w.org\/{rel}","templated":true}]}}