{"id":12,"date":"2024-04-16T14:58:28","date_gmt":"2024-04-16T12:58:28","guid":{"rendered":"https:\/\/svcstaging.energiforsk.se\/cigre\/?page_id=12"},"modified":"2026-01-28T10:32:12","modified_gmt":"2026-01-28T09:32:12","slug":"ngn","status":"publish","type":"page","link":"https:\/\/svcstaging.energiforsk.se\/cigre\/ngn\/","title":{"rendered":"Cigre Next Generation Network, NGN"},"content":{"rendered":"<div class=\"wp-block-image\"><div class=\"block-core-image\">\n<figure class=\"aligncenter size-full is-resized\"><img loading=\"lazy\" decoding=\"async\" width=\"2560\" height=\"1962\" src=\"https:\/\/cigre.se\/app\/uploads\/sites\/2\/2024\/08\/NGN-i-Paris-2024-scaled.jpg\" alt=\"\" class=\"wp-image-381\" style=\"width:850px;height:auto\" srcset=\"https:\/\/svcstaging.energiforsk.se\/app\/uploads\/sites\/2\/2024\/08\/NGN-i-Paris-2024-scaled.jpg 2560w, https:\/\/svcstaging.energiforsk.se\/app\/uploads\/sites\/2\/2024\/08\/NGN-i-Paris-2024-300x230.jpg 300w, https:\/\/svcstaging.energiforsk.se\/app\/uploads\/sites\/2\/2024\/08\/NGN-i-Paris-2024-1024x785.jpg 1024w, https:\/\/svcstaging.energiforsk.se\/app\/uploads\/sites\/2\/2024\/08\/NGN-i-Paris-2024-768x589.jpg 768w, https:\/\/svcstaging.energiforsk.se\/app\/uploads\/sites\/2\/2024\/08\/NGN-i-Paris-2024-1536x1177.jpg 1536w, https:\/\/svcstaging.energiforsk.se\/app\/uploads\/sites\/2\/2024\/08\/NGN-i-Paris-2024-2048x1570.jpg 2048w\" sizes=\"auto, (max-width: 2560px) 100vw, 2560px\" \/><figcaption class=\"wp-element-caption\">Medlemmar i Cigre NGN under Cigres konferens i Paris 2024.<\/figcaption><\/figure>\n<\/div><\/div>\n\n<div class=\"block-core-paragraph\">\n<p><strong>V\u00e4lkommen att bli medlem i Cigre Next Generation Network, NGN<\/strong>!<\/p>\n<\/div>\n\n<div class=\"block-core-paragraph\">\n<p>Cigre Next Generation Network, NGN, \u00e4r ett n\u00e4tverk som m\u00f6jligg\u00f6r f\u00f6r unga ingenj\u00f6rer att l\u00e4ra k\u00e4nna Cigre, underl\u00e4tta deltagande i Cigres arbetsgrupper och skapa m\u00f6jligheter f\u00f6r personlig och professionell utveckling.<\/p>\n<\/div>\n\n<div class=\"block-core-paragraph\">\n<p><strong>Vilka kan bli medlemmar?<\/strong><br>Man m\u00e5ste vara medlem i Cigre f\u00f6r att vara medlem. F\u00f6r studenter \u00e4r det kostnadsfritt. <a href=\"https:\/\/cigre.se\/bli-medlem\/\">L\u00e4s mer och bli medlem h\u00e4r.<\/a><\/p>\n<\/div>\n\n<div class=\"block-core-paragraph\">\n<p>Alla som \u00e4r under 35 \u00e5r eller befinner sig inom de f\u00f6rsta 5 \u00e5ren av sin karri\u00e4r, samt studenter och doktorander \u00e4r v\u00e4lkomna som medlemmar i Cigre NGN.<\/p>\n<\/div>\n\n<div class=\"block-core-paragraph\">\n<p><strong>Vad inneb\u00e4r ett medlemskap i Cigre NGN? <\/strong><br>Syftet med Cigre NGN \u00e4r att uppmuntra ett aktivt medlemskap som \u00e4r till nytta f\u00f6r b\u00e5de NGN-medlemmarna och f\u00f6r Cigre som helhet. Aktiviteter som bedrivs inom n\u00e4tverket ska spegla NGN-medlemmarnas behov och intressen. Det kan handla om studiebes\u00f6k, kurser, webbinarier, n\u00e4tverksaktiviteter eller liknande. Du som medlem \u00e4r med och p\u00e5verkar vilka aktiviteter som genomf\u00f6rs.<\/p>\n<\/div>\n\n<div class=\"block-core-paragraph\">\n<p>Syftet med NGN \u00e4r ocks\u00e5 att hj\u00e4lpa medlemmar att delta i arbetsgrupper inom Cigre, efter godk\u00e4nnande fr\u00e5n arbetsgruppens ordf\u00f6rande<strong>.<\/strong> Se aktiva arbetsgrupper inom Cigre <a href=\"https:\/\/www.cigre.org\/article\/GB\/news\/the_latest_news\/cigre-active-working-groups--call-for-experts\">h\u00e4r<\/a>. <\/p>\n<\/div>\n\n<div class=\"block-core-paragraph\">\n<p><strong>Medlemsf\u00f6rm\u00e5ner:<\/strong><br>\u2013 Tillg\u00e5ng till den senaste tekniska informationen fr\u00e5n Cigre och till tidningen Electra <br>\u2013 M\u00f6jlighet att delta i Cigres:s tekniska arbete och dela erfarenheter<br>\u2013 M\u00f6jlighet att presentera vid Cigre Sessions och Cigre Symposium<\/p>\n<\/div>\n\n<div class=\"block-core-paragraph\">\n<p><strong>Hur \u00e4r Cigre NGN organiserat?<\/strong><br>Det ska finnas en styrelse med ordf\u00f6rande som kallar till m\u00f6ten och s\u00e4kerst\u00e4ller en sund verksamhet och styrning av organisationen. Det ska \u00e4ven finnas en sekreterare som dokumenterar och sprider m\u00f6tesprotokoll till medlemmarna samt s\u00e4kerst\u00e4ller organisationens korrekta administrativa och ekonomiska funktion. Ordf\u00f6rande \u00e4r i dagsl\u00e4get Henrik Ekestam p\u00e5 Svenska kraftn\u00e4t och sekreterare \u00e4r Andrea Bille Pettersson p\u00e5 Energiforsk.<\/p>\n<\/div>\n\n<div class=\"block-core-paragraph\">\n<p>\u00d6vriga medlemmar i NGN bidrar till n\u00e4tverkets strategiska inriktning, effektivitet och l\u00e5ngsiktiga h\u00e5llbarhet genom aktivt deltagande i m\u00f6ten samt prioritering av fr\u00e5gor och aktiviteter.<\/p>\n<\/div>\n\n<div class=\"block-core-paragraph\">\n<p>Vill du bli medlem i Cigre NGN? Fyll i <a href=\"https:\/\/docs.google.com\/forms\/d\/e\/1FAIpQLSf7f277dP_6zJI_RM7fSFSalqamJvfFelJy8rXE183pba9rNQ\/viewform\">detta formul\u00e4r<\/a> och kontakta ordf\u00f6rande <a href=\"mailto:Henrik.Ekestam@svk.se\">Henrik Ekestam<\/a>, Svenska kraftn\u00e4t, vid fr\u00e5gor.<br><br><\/p>\n<\/div>","protected":false},"excerpt":{"rendered":"<p>V\u00e4lkommen att bli medlem i Cigre Next Generation Network, NGN! Cigre Next Generation Network, NGN, \u00e4r ett n\u00e4tverk som m\u00f6jligg\u00f6r f\u00f6r unga ingenj\u00f6rer att l\u00e4ra k\u00e4nna Cigre, underl\u00e4tta deltagande i Cigres arbetsgrupper och skapa m\u00f6jligheter f\u00f6r personlig och professionell utveckling. Vilka kan bli medlemmar?Man m\u00e5ste vara medlem i Cigre f\u00f6r att vara medlem. F\u00f6r studenter &hellip; <a href=\"https:\/\/svcstaging.energiforsk.se\/cigre\/ngn\/\">Continued<\/a><\/p>\n","protected":false},"author":2,"featured_media":0,"parent":0,"menu_order":0,"comment_status":"closed","ping_status":"closed","template":"","meta":{"_acf_changed":false,"footnotes":""},"class_list":["post-12","page","type-page","status-publish","hentry"],"acf":[],"yoast_head":"<!-- This site is optimized with the Yoast SEO plugin v26.9 - https:\/\/yoast.com\/product\/yoast-seo-wordpress\/ -->\n<title>Cigre Next Generation Network, NGN - Cigre<\/title>\n<meta name=\"robots\" content=\"noindex, follow, max-snippet:-1, max-image-preview:large, max-video-preview:-1\" \/>\n<meta property=\"og:locale\" content=\"sv_SE\" \/>\n<meta property=\"og:type\" content=\"article\" \/>\n<meta property=\"og:title\" content=\"Cigre Next Generation Network, NGN - Cigre\" \/>\n<meta property=\"og:description\" content=\"V\u00e4lkommen att bli medlem i Cigre Next Generation Network, NGN! Cigre Next Generation Network, NGN, \u00e4r ett n\u00e4tverk som m\u00f6jligg\u00f6r f\u00f6r unga ingenj\u00f6rer att l\u00e4ra k\u00e4nna Cigre, underl\u00e4tta deltagande i Cigres arbetsgrupper och skapa m\u00f6jligheter f\u00f6r personlig och professionell utveckling. Vilka kan bli medlemmar?Man m\u00e5ste vara medlem i Cigre f\u00f6r att vara medlem. F\u00f6r studenter &hellip; Continued\" \/>\n<meta property=\"og:url\" content=\"https:\/\/svcstaging.energiforsk.se\/cigre\/ngn\/\" \/>\n<meta property=\"og:site_name\" content=\"Cigre\" \/>\n<meta property=\"article:modified_time\" content=\"2026-01-28T09:32:12+00:00\" \/>\n<meta property=\"og:image\" content=\"https:\/\/cigre.se\/app\/uploads\/sites\/2\/2024\/08\/NGN-i-Paris-2024-scaled.jpg\" \/>\n<meta name=\"twitter:card\" content=\"summary_large_image\" \/>\n<meta name=\"twitter:label1\" content=\"Ber\u00e4knad l\u00e4stid\" \/>\n\t<meta name=\"twitter:data1\" content=\"2 minuter\" \/>\n<script type=\"application\/ld+json\" class=\"yoast-schema-graph\">{\"@context\":\"https:\/\/schema.org\",\"@graph\":[{\"@type\":\"WebPage\",\"@id\":\"https:\/\/svcstaging.energiforsk.se\/cigre\/ngn\/\",\"url\":\"https:\/\/svcstaging.energiforsk.se\/cigre\/ngn\/\",\"name\":\"Cigre Next Generation Network, NGN - Cigre\",\"isPartOf\":{\"@id\":\"https:\/\/svcstaging.energiforsk.se\/cigre\/#website\"},\"primaryImageOfPage\":{\"@id\":\"https:\/\/svcstaging.energiforsk.se\/cigre\/ngn\/#primaryimage\"},\"image\":{\"@id\":\"https:\/\/svcstaging.energiforsk.se\/cigre\/ngn\/#primaryimage\"},\"thumbnailUrl\":\"https:\/\/cigre.se\/app\/uploads\/sites\/2\/2024\/08\/NGN-i-Paris-2024-scaled.jpg\",\"datePublished\":\"2024-04-16T12:58:28+00:00\",\"dateModified\":\"2026-01-28T09:32:12+00:00\",\"breadcrumb\":{\"@id\":\"https:\/\/svcstaging.energiforsk.se\/cigre\/ngn\/#breadcrumb\"},\"inLanguage\":\"sv-SE\",\"potentialAction\":[{\"@type\":\"ReadAction\",\"target\":[\"https:\/\/svcstaging.energiforsk.se\/cigre\/ngn\/\"]}]},{\"@type\":\"ImageObject\",\"inLanguage\":\"sv-SE\",\"@id\":\"https:\/\/svcstaging.energiforsk.se\/cigre\/ngn\/#primaryimage\",\"url\":\"https:\/\/cigre.se\/app\/uploads\/sites\/2\/2024\/08\/NGN-i-Paris-2024-scaled.jpg\",\"contentUrl\":\"https:\/\/cigre.se\/app\/uploads\/sites\/2\/2024\/08\/NGN-i-Paris-2024-scaled.jpg\"},{\"@type\":\"BreadcrumbList\",\"@id\":\"https:\/\/svcstaging.energiforsk.se\/cigre\/ngn\/#breadcrumb\",\"itemListElement\":[{\"@type\":\"ListItem\",\"position\":1,\"name\":\"Hem\",\"item\":\"https:\/\/svcstaging.energiforsk.se\/cigre\/\"},{\"@type\":\"ListItem\",\"position\":2,\"name\":\"Cigre Next Generation Network, NGN\"}]},{\"@type\":\"WebSite\",\"@id\":\"https:\/\/svcstaging.energiforsk.se\/cigre\/#website\",\"url\":\"https:\/\/svcstaging.energiforsk.se\/cigre\/\",\"name\":\"Cigre\",\"description\":\"\",\"potentialAction\":[{\"@type\":\"SearchAction\",\"target\":{\"@type\":\"EntryPoint\",\"urlTemplate\":\"https:\/\/svcstaging.energiforsk.se\/cigre\/?s={search_term_string}\"},\"query-input\":{\"@type\":\"PropertyValueSpecification\",\"valueRequired\":true,\"valueName\":\"search_term_string\"}}],\"inLanguage\":\"sv-SE\"}]}<\/script>\n<!-- \/ Yoast SEO plugin. -->","yoast_head_json":{"title":"Cigre Next Generation Network, NGN - Cigre","robots":{"index":"noindex","follow":"follow","max-snippet":"max-snippet:-1","max-image-preview":"max-image-preview:large","max-video-preview":"max-video-preview:-1"},"og_locale":"sv_SE","og_type":"article","og_title":"Cigre Next Generation Network, NGN - Cigre","og_description":"V\u00e4lkommen att bli medlem i Cigre Next Generation Network, NGN! Cigre Next Generation Network, NGN, \u00e4r ett n\u00e4tverk som m\u00f6jligg\u00f6r f\u00f6r unga ingenj\u00f6rer att l\u00e4ra k\u00e4nna Cigre, underl\u00e4tta deltagande i Cigres arbetsgrupper och skapa m\u00f6jligheter f\u00f6r personlig och professionell utveckling. Vilka kan bli medlemmar?Man m\u00e5ste vara medlem i Cigre f\u00f6r att vara medlem. F\u00f6r studenter &hellip; Continued","og_url":"https:\/\/svcstaging.energiforsk.se\/cigre\/ngn\/","og_site_name":"Cigre","article_modified_time":"2026-01-28T09:32:12+00:00","og_image":[{"url":"https:\/\/cigre.se\/app\/uploads\/sites\/2\/2024\/08\/NGN-i-Paris-2024-scaled.jpg","type":"","width":"","height":""}],"twitter_card":"summary_large_image","twitter_misc":{"Ber\u00e4knad l\u00e4stid":"2 minuter"},"schema":{"@context":"https:\/\/schema.org","@graph":[{"@type":"WebPage","@id":"https:\/\/svcstaging.energiforsk.se\/cigre\/ngn\/","url":"https:\/\/svcstaging.energiforsk.se\/cigre\/ngn\/","name":"Cigre Next Generation Network, NGN - Cigre","isPartOf":{"@id":"https:\/\/svcstaging.energiforsk.se\/cigre\/#website"},"primaryImageOfPage":{"@id":"https:\/\/svcstaging.energiforsk.se\/cigre\/ngn\/#primaryimage"},"image":{"@id":"https:\/\/svcstaging.energiforsk.se\/cigre\/ngn\/#primaryimage"},"thumbnailUrl":"https:\/\/cigre.se\/app\/uploads\/sites\/2\/2024\/08\/NGN-i-Paris-2024-scaled.jpg","datePublished":"2024-04-16T12:58:28+00:00","dateModified":"2026-01-28T09:32:12+00:00","breadcrumb":{"@id":"https:\/\/svcstaging.energiforsk.se\/cigre\/ngn\/#breadcrumb"},"inLanguage":"sv-SE","potentialAction":[{"@type":"ReadAction","target":["https:\/\/svcstaging.energiforsk.se\/cigre\/ngn\/"]}]},{"@type":"ImageObject","inLanguage":"sv-SE","@id":"https:\/\/svcstaging.energiforsk.se\/cigre\/ngn\/#primaryimage","url":"https:\/\/cigre.se\/app\/uploads\/sites\/2\/2024\/08\/NGN-i-Paris-2024-scaled.jpg","contentUrl":"https:\/\/cigre.se\/app\/uploads\/sites\/2\/2024\/08\/NGN-i-Paris-2024-scaled.jpg"},{"@type":"BreadcrumbList","@id":"https:\/\/svcstaging.energiforsk.se\/cigre\/ngn\/#breadcrumb","itemListElement":[{"@type":"ListItem","position":1,"name":"Hem","item":"https:\/\/svcstaging.energiforsk.se\/cigre\/"},{"@type":"ListItem","position":2,"name":"Cigre Next Generation Network, NGN"}]},{"@type":"WebSite","@id":"https:\/\/svcstaging.energiforsk.se\/cigre\/#website","url":"https:\/\/svcstaging.energiforsk.se\/cigre\/","name":"Cigre","description":"","potentialAction":[{"@type":"SearchAction","target":{"@type":"EntryPoint","urlTemplate":"https:\/\/svcstaging.energiforsk.se\/cigre\/?s={search_term_string}"},"query-input":{"@type":"PropertyValueSpecification","valueRequired":true,"valueName":"search_term_string"}}],"inLanguage":"sv-SE"}]}},"_links":{"self":[{"href":"https:\/\/svcstaging.energiforsk.se\/cigre\/wp-json\/wp\/v2\/pages\/12","targetHints":{"allow":["GET"]}}],"collection":[{"href":"https:\/\/svcstaging.energiforsk.se\/cigre\/wp-json\/wp\/v2\/pages"}],"about":[{"href":"https:\/\/svcstaging.energiforsk.se\/cigre\/wp-json\/wp\/v2\/types\/page"}],"author":[{"embeddable":true,"href":"https:\/\/svcstaging.energiforsk.se\/cigre\/wp-json\/wp\/v2\/users\/2"}],"replies":[{"embeddable":true,"href":"https:\/\/svcstaging.energiforsk.se\/cigre\/wp-json\/wp\/v2\/comments?post=12"}],"version-history":[{"count":28,"href":"https:\/\/svcstaging.energiforsk.se\/cigre\/wp-json\/wp\/v2\/pages\/12\/revisions"}],"predecessor-version":[{"id":608,"href":"https:\/\/svcstaging.energiforsk.se\/cigre\/wp-json\/wp\/v2\/pages\/12\/revisions\/608"}],"wp:attachment":[{"href":"https:\/\/svcstaging.energiforsk.se\/cigre\/wp-json\/wp\/v2\/media?parent=12"}],"curies":[{"name":"wp","href":"https:\/\/api.w.org\/{rel}","templated":true}]}}